s divided by 29?
25
What is the remainder when 1917 is divided by 956?
5
Calculate the remainder when 95 is divided by 50.
45
What is the remainder when 194 is divided by 31?
8
Calculate the remainder when 8111 is divided by 169.
168
Calculate the remainder when 263 is divided by 14.
11
Calculate the remainder when 2188 is divided by 73.
71
What is the remainder when 382 is divided by 49?
39
What is the remainder when 18645 is divided by 24?
21
What is the remainder when 80 is divided by 21?
17
Calculate the remainder when 345 is divided by 89.
78
Calculate the remainder when 574 is divided by 17.
13
What is the remainder when 290 is divided by 75?
65
What is the remainder when 213 is divided by 24?
21
What is the remainder when 6967 is divided by 69?
67
What is the remainder when 417 is divided by 107?
96
Calculate the remainder when 294 is divided by 22.
8
Calculate the remainder when 5207 is divided by 42.
41
What is the remainder when 105 is divided by 56?
49
What is the remainder when 958 is divided by 894?
64
What is the remainder when 388 is divided by 14?
10
Calculate the remainder when 76 is divided by 13.
11
What is the remainder when 434 is divided by 103?
22
What is the remainder when 180 is divided by 81?
18
What is the remainder when 390 is divided by 340?
50
Calculate the remainder when 604 is divided by 156.
136
What is the remainder when 175 is divided by 81?
13
What is the remainder when 131 is divided by 70?
61
Calculate the remainder when 605 is divided by 8.
5
What is the remainder when 1270 is divided by 80?
70
Calculate the remainder when 1952 is divided by 967.
18
Calculate the remainder when 191 is divided by 62.
5
What is the remainder when 355 is divided by 73?
63
What is the remainder when 643 is divided by 92?
91
Calculate the remainder when 803 is divided by 270.
263
What is the remainder when 127 is divided by 55?
17
What is the remainder when 2154 is divided by 28?
26
What is the remainder when 1037 is divided by 208?
205
Calculate the remainder when 390 is divided by 28.
26
What is the remainder when 74 is divided by 19?
17
What is the remainder when 1455 is divided by 28?
27
Calculate the remainder when 53 is divided by 34.
19
What is the remainder when 918 is divided by 10?
8
What is the remainder when 666 is divided by 158?
34
Calculate the remainder when 16901 is divided by 18.
17
Calculate the remainder when 11 is divided by 2.
1
What is the remainder when 4297 is divided by 50?
47
Calculate the remainder when 466 is divided by 113.
14
Calculate the remainder when 3293 is divided by 8.
5
Calculate the remainder when 124 is divided by 42.
40
Calculate the remainder when 2215 is divided by 74.
69
What is the remainder when 994 is divided by 5?
4
What is the remainder when 166 is divided by 29?
21
Calculate the remainder when 47 is divided by 10.
7
What is the remainder when 319 is divided by 6?
1
Calculate the remainder when 7841 is divided by 36.
29
What is the remainder when 4260 is divided by 70?
60
What is the remainder when 713 is divided by 6?
5
What is the remainder when 118 is divided by 26?
14
What is the remainder when 1380 is divided by 21?
15
What is the remainder when 3471 is divided by 71?
63
Calculate the remainder when 1802 is divided by 258.
254
What is the remainder when 634 is divided by 325?
309
What is the remainder when 962 is divided by 258?
188
What is the remainder when 327 is divided by 71?
43
Calculate the remainder when 110 is divided by 96.
14
Calculate the remainder when 438 is divided by 22.
20
Calculate the remainder when 235 is divided by 35.
25
Calculate the remainder when 10617 is divided by 177.
174
What is the remainder when 168 is divided by 159?
9
Calculate the remainder when 1119 is divided by 75.
69
Calculate the remainder when 115 is divided by 29.
28
Calculate the remainder when 129 is divided by 13.
12
What is the remainder when 75 is divided by 42?
33
What is the remainder when 101 is divided by 15?
11
What is the remainder when 9157 is divided by 18?
13
Calculate the remainder when 1268 is divided by 10.
8
What is the remainder when 207 is divided by 14?
11
What is the remainder when 860 is divided by 61?
6
What is the remainder when 1030 is divided by 186?
100
Calculate the remainder when 3463 is divided by 77.
75
What is the remainder when 3353 is divided by 1112?
17
What is the remainder when 104 is divided by 10?
4
What is the remainder when 136 is divided by 42?
10
What is the remainder when 706 is divided by 42?
34
Calculate the remainder when 2832 is divided by 86.
80
Calculate the remainder when 6 is divided by 6.
0
What is the remainder when 787 is divided by 31?
12
Calculate the remainder when 403 is divided by 135.
133
What is the remainder when 806 is divided by 88?
14
Calculate the remainder when 86 is divided by 32.
22
What is the remainder when 1123 is divided by 25?
23
Calculate the remainder when 294 is divided by 78.
60
Calculate the remainder when 28 is divided by 25.
3
What is the remainder when 342 is divided by 170?
2
What is the remainder when 1175 is divided by 62?
59
Calculate the remainder when 563 is divided by 21.
17
Calculate the remainder when 121 is divided by 12.
1
Calculate the remainder when 767 is divided by 236.
59
Calculate the remainder when 978 is divided by 28.
26
Calculate the remainder when 723 is divided by 81.
75
Calculate the remainder when 93 is divided by 6.
3
Calculate the remainder when 147 is divided by 37.
36
Calculate the remainder when 227 is divided by 118.
109
What is the remainder when 1658 is divided by 59?
6
What is the remainder when 524 is divided by 44?
40
What is the remainder when 767 is divided by 94?
15
Calculate the remainder when 291 is divided by 131.
29
What is the remainder when 281 is divided by 95?
91
What is the remainder when 300 is divided by 16?
12
Calculate the remainder when 480 is divided by 81.
75
What is the remainder when 149 is divided by 41?
26
Calculate the remainder when 126 is divided by 16.
14
Calculate the remainder when 56 is divided by 55.
1
What is the remainder when 1143 is divided by 380?
3
Calculate the remainder when 419 is divided by 17.
11
What is the remainder when 974 is divided by 445?
84
What is the remainder when 26879 is divided by 32?
31
What is the remainder when 1047 is divided by 14?
11
What is the remainder when 195 is divided by 68?
59
What is the remainder when 388 is divided by 98?
94
Calculate the remainder when 1092 is divided by 43.
17
What is the remainder when 1038 is divided by 10?
8
What is the remainder when 162 is divided by 41?
39
What is the remainder when 660 is divided by 51?
48
Calculate the remainder when 419 is divided by 127.
38
Calculate the remainder when 99 is divided by 13.
8
Calculate the remainder when 145 is divided by 31.
21
Calculate the remainder when 128 is divided by 111.
17
What is the remainder when 2239 is divided by 9?
7
Calculate the remainder when 75 is divided by 23.
6
What is the remainder when 135 is divided by 68?
67
Calculate the remainder when 127 is divided by 65.
62
Calculate the remainder when 196 is divided by 57.
25
What is the remainder when 89 is divided by 13?
11
Calculate the remainder when 777 is divided by 67.
40
What is the remainder when 7901 is divided by 93?
89
Calculate the remainder when 175 is divided by 35.
0
Calculate the remainder when 136 is divided by 28.
24
Calculate the remainder when 4223 is divided by 66.
65
What is the remainder when 4976 is divided by 19?
17
Calculate the remainder when 314 is divided by 58.
24
What is the remainder when 127 is divided by 27?
19
Calculate the remainder when 983 is divided by 76.
71
Calculate the remainder when 8447 is divided by 176.
175
Calculate the remainder when 259 is divided by 52.
51
What is the remainder when 7995 is divided by 186?
183
What is the remainder when 1108 is divided by 246?
124
Calculate the remainder when 344 is divided by 15.
14
What is the remainder when 401 is divided by 20?
1
Calculate the remainder when 89 is divided by 23.
20
What is the remainder when 2433 is divided by 33?
24
What is the remainder when 133 is divided by 37?
22
Calculate the remainder when 472 is divided by 21.
10
What is the remainder when 286 is div